{"id":1112,"date":"2026-04-10T09:47:07","date_gmt":"2026-04-10T07:47:07","guid":{"rendered":"https:\/\/mpgkdarlowo.pl\/?page_id=1112"},"modified":"2026-04-10T10:31:43","modified_gmt":"2026-04-10T08:31:43","slug":"najwazniejsze-zmiany-wynikajace-z-uchwal","status":"publish","type":"page","link":"https:\/\/mpgkdarlowo.pl\/index.php\/najwazniejsze-zmiany-wynikajace-z-uchwal\/","title":{"rendered":"Najwa\u017cniejsze zmiany wynikaj\u0105ce z uchwa\u0142"},"content":{"rendered":"\n<p>Zmiany wynikaj\u0105ce z:<\/p>\n\n\n\n<p>uchwa\u0142y nr XXV\/184\/2025 RADY MIEJSKIEJ W DAR\u0141OWIE z dnia 18 grudnia 2025 r. zmieniaj\u0105ca uchwa\u0142\u0119 nr XIV\/120\/2019 Rady Miejskiej w Dar\u0142owie z dnia 29 pa\u017adziernika 2019 r. w sprawie uchwalenia regulaminu utrzymania czysto\u015bci i porz\u0105dku na terenie Miasta Dar\u0142owo<\/p>\n\n\n\n<p><a href=\"http:\/\/um.darlowo.ibip.pl\/public\/get_file.php?id=472532\">http:\/\/um.darlowo.ibip.pl\/public\/get_file.php?id=472532<\/a><\/p>\n\n\n\n<p>oraz<\/p>\n\n\n\n<p>uchwa\u0142y nr XXV\/186\/2025 RADY MIEJSKIEJ W DAR\u0141OWIE z dnia 18 grudnia 2025 r. w sprawie szczeg\u00f3\u0142owego sposobu i zakresu \u015bwiadczenia us\u0142ug w zakresie odbierania odpad\u00f3w komunalnych od w\u0142a\u015bcicieli nieruchomo\u015bci i zagospodarowania tych odpad\u00f3w, w zamian za uiszczon\u0105 przez w\u0142a\u015bciciela nieruchomo\u015bci op\u0142at\u0119 za gospodarowanie odpadami komunalnymi.<\/p>\n\n\n\n<p><a href=\"http:\/\/um.darlowo.ibip.pl\/public\/get_file.php?id=472534\">http:\/\/um.darlowo.ibip.pl\/public\/get_file.php?id=472534<\/a><\/p>\n\n\n\n<ol class=\"wp-block-list\">\n<li>Mieszka\u0144com stosuj\u0105cym system workowy do oddawania odpad\u00f3w segregowanych, udost\u0119pnia si\u0119 nieodp\u0142atnie pakiet work\u00f3w licz\u0105cych 40 work\u00f3w: po 10 w kolorze niebieskim (na papier i tektur\u0119), po 10 w kolorze zielonym (na szk\u0142o), po 10 w kolorze br\u0105zowym (na odpady ulegaj\u0105ce biodegradacji, ze szczeg\u00f3lnym uwzgl\u0119dnieniem bioodpad\u00f3w) i po 10 w kolorze \u017c\u00f3\u0142tym (na metale, tworzywa sztuczne i odpady opakowaniowe wielomateria\u0142owe). Wydawanie kolejnych work\u00f3w b\u0119dzie odbywa\u0142o si\u0119 na zasadzie wymiany &#8211; &nbsp;worek pusty za worek pe\u0142ny. Je\u015bli w\u0142a\u015bciciel nieruchomo\u015bci nie wystawi\u0142 jeszcze pe\u0142nych work\u00f3w &#8211; otrzyma odpowiedni\u0105 ilo\u015b\u0107 etykiet, kt\u00f3re naklei na w\u0142asne worki. Ta sama zasada dotyczy w\u0142a\u015bcicieli nieruchomo\u015bci korzystaj\u0105cych<br>z pojemnik\u00f3w na odpady segregowane &#8211; w przypadku wi\u0119kszej ilo\u015bci odpady mo\u017cna wystawi\u0107 w swoim worku z naklejon\u0105 etykiet\u0105.<\/li>\n\n\n\n<li>Sprzed nieruchomo\u015bci (\u201eu \u017ar\u00f3d\u0142a\u201d) odpady stanowi\u0105ce cz\u0119\u015bci ro\u015blin pochodz\u0105cych<br>z piel\u0119gnacji teren\u00f3w zielonych b\u0119d\u0105 odbierane w ilo\u015bci nie wi\u0119kszej ni\u017c 10 work\u00f3w w jednym terminie. W sytuacji przekraczaj\u0105cej wskazan\u0105 ilo\u015b\u0107 bioodpady mo\u017cna dostarczy\u0107 do PSZOK lub zam\u00f3wi\u0107 us\u0142ug\u0119 transportow\u0105 w MPGK w Dar\u0142owie.<\/li>\n<\/ol>\n\n\n\n<p>Etykiety oraz worki na odpady segregowane mo\u017cna pobiera\u0107 w MPGK Sp. z o.o. przy ul.<br>1 Maja 1 w pokoju nr 9.<\/p>\n\n\n\n<p><a href=\"https:\/\/odpady.darlowo.pl\/uwaga_zmiany.html\">https:\/\/odpady.darlowo.pl\/uwaga_zmiany.html<\/a><\/p>\n","protected":false},"excerpt":{"rendered":"<p>Zmiany wynikaj\u0105ce z: uchwa\u0142y nr XXV\/184\/2025 RADY MIEJSKIEJ W DAR\u0141OWIE z dnia 18 grudnia 2025 r. zmieniaj\u0105ca uchwa\u0142\u0119 nr XIV\/120\/2019 Rady Miejskiej w Dar\u0142owie z dnia 29 pa\u017adziernika 2019 r. w sprawie uchwalenia regulaminu&#46;&#46;&#46;<\/p>\n","protected":false},"author":1,"featured_media":0,"parent":0,"menu_order":0,"comment_status":"closed","ping_status":"closed","template":"","meta":{"footnotes":"","_links_to":"","_links_to_target":""},"class_list":["post-1112","page","type-page","status-publish","hentry"],"_links":{"self":[{"href":"https:\/\/mpgkdarlowo.pl\/index.php\/wp-json\/wp\/v2\/pages\/1112","targetHints":{"allow":["GET"]}}],"collection":[{"href":"https:\/\/mpgkdarlowo.pl\/index.php\/wp-json\/wp\/v2\/pages"}],"about":[{"href":"https:\/\/mpgkdarlowo.pl\/index.php\/wp-json\/wp\/v2\/types\/page"}],"author":[{"embeddable":true,"href":"https:\/\/mpgkdarlowo.pl\/index.php\/wp-json\/wp\/v2\/users\/1"}],"replies":[{"embeddable":true,"href":"https:\/\/mpgkdarlowo.pl\/index.php\/wp-json\/wp\/v2\/comments?post=1112"}],"version-history":[{"count":2,"href":"https:\/\/mpgkdarlowo.pl\/index.php\/wp-json\/wp\/v2\/pages\/1112\/revisions"}],"predecessor-version":[{"id":1123,"href":"https:\/\/mpgkdarlowo.pl\/index.php\/wp-json\/wp\/v2\/pages\/1112\/revisions\/1123"}],"wp:attachment":[{"href":"https:\/\/mpgkdarlowo.pl\/index.php\/wp-json\/wp\/v2\/media?parent=1112"}],"curies":[{"name":"wp","href":"https:\/\/api.w.org\/{rel}","templated":true}]}}